{"id":151,"date":"2023-04-13T19:31:47","date_gmt":"2023-04-13T17:31:47","guid":{"rendered":"https:\/\/wiblare.eu\/?page_id=151"},"modified":"2023-04-13T21:43:13","modified_gmt":"2023-04-13T19:43:13","slug":"o-nas","status":"publish","type":"page","link":"https:\/\/wiblare.eu\/index.php\/o-nas\/","title":{"rendered":"O nas"},"content":{"rendered":"\n<p>Po\u0142\u0105czy\u0142a nas pasja poszukiwania nowatorskich rozwi\u0105za\u0144, nieszablonowe my\u015blenie i profesjonalizm. Posiadamy wieloletnie do\u015bwiadczenie w realizacji projekt\u00f3w infrastrukturalnych, kubaturowych i offshore. Samodzielnie i razem uczestniczyli\u015bmy w dziesi\u0105tkach zrealizowanych projekt\u00f3w r\u00f3\u017cnych bran\u017c.<\/p>\n\n\n\n<p>W ci\u0105gu ostatnich lat intensywnie rozwijaj\u0105 si\u0119 projekty OZE, a w szczeg\u00f3lno\u015bci farmy wiatrowe i coraz bardziej\u00a0 widoczny staje si\u0119 towarzysz\u0105cy im problem utylizacji turbin wiatrowych, a szczeg\u00f3lnie element\u00f3w wykonanych z kompozyt\u00f3w, g\u0142\u00f3wnie \u0142opat.<\/p>\n\n\n\n<p>W najbli\u017cszych latach wiele starszych wiatrak\u00f3w b\u0119dzie ko\u0144czy\u0142o sw\u00f3j czas przydatno\u015bci do u\u017cytkowania i b\u0119dzie musia\u0142o zosta\u0107 poddanych utylizacji. Elementy takie jak wie\u017ca i gondola s\u0105 wykonane g\u0142\u00f3wnie z metali, dla kt\u00f3rych proces recyclingu jest ju\u017c dobrze znany. G\u0142\u00f3wnym wyzwaniem pozostaje recycling kompozyt\u00f3w, zar\u00f3wno tych starszego typu z w\u0142\u00f3kien szklanych (GFK) jak i kompozytu spotykanego coraz cz\u0119\u015bciej w nowszych typach \u0142opat \u2013 kompozytu z w\u0142\u00f3kien w\u0119glowych (CFK).<\/p>\n\n\n\n<p>WiBlaRe przygotowuje rozwi\u0105zania recyclingu \u0142opat turbin wiatrowych bezpieczne dla \u015brodowiska i umo\u017cliwiaj\u0105ce ponowne wykorzystanie wi\u0119kszo\u015bci element\u00f3w.<\/p>\n","protected":false},"excerpt":{"rendered":"<p>Po\u0142\u0105czy\u0142a nas pasja poszukiwania nowatorskich rozwi\u0105za\u0144, nieszablonowe my\u015blenie i profesjonalizm. Posiadamy wieloletnie do\u015bwiadczenie w realizacji projekt\u00f3w infrastrukturalnych, kubaturowych i offshore. Samodzielnie i razem uczestniczyli\u015bmy w dziesi\u0105tkach zrealizowanych projekt\u00f3w r\u00f3\u017cnych bran\u017c. W ci\u0105gu ostatnich lat intensywnie rozwijaj\u0105 si\u0119 projekty OZE, a w szczeg\u00f3lno\u015bci farmy wiatrowe i coraz bardziej\u00a0 widoczny staje si\u0119 towarzysz\u0105cy im problem utylizacji turbin [&hellip;]<\/p>\n","protected":false},"author":1,"featured_media":0,"parent":0,"menu_order":0,"comment_status":"closed","ping_status":"closed","template":"","meta":{"footnotes":""},"class_list":["post-151","page","type-page","status-publish","hentry"],"_links":{"self":[{"href":"https:\/\/wiblare.eu\/index.php\/wp-json\/wp\/v2\/pages\/151","targetHints":{"allow":["GET"]}}],"collection":[{"href":"https:\/\/wiblare.eu\/index.php\/wp-json\/wp\/v2\/pages"}],"about":[{"href":"https:\/\/wiblare.eu\/index.php\/wp-json\/wp\/v2\/types\/page"}],"author":[{"embeddable":true,"href":"https:\/\/wiblare.eu\/index.php\/wp-json\/wp\/v2\/users\/1"}],"replies":[{"embeddable":true,"href":"https:\/\/wiblare.eu\/index.php\/wp-json\/wp\/v2\/comments?post=151"}],"version-history":[{"count":5,"href":"https:\/\/wiblare.eu\/index.php\/wp-json\/wp\/v2\/pages\/151\/revisions"}],"predecessor-version":[{"id":190,"href":"https:\/\/wiblare.eu\/index.php\/wp-json\/wp\/v2\/pages\/151\/revisions\/190"}],"wp:attachment":[{"href":"https:\/\/wiblare.eu\/index.php\/wp-json\/wp\/v2\/media?parent=151"}],"curies":[{"name":"wp","href":"https:\/\/api.w.org\/{rel}","templated":true}]}}